-6)/(-14))*-1561. Is p/98 - k/7 a composite number?
False
Let l(b) = b**3 + b**2 - 7*b + 220. Let f be l(0). Suppose z = -2*q - 3*q + 380, 4*z = 3*q + 1451. Let m = z - f. Is m a prime number?
False
Let n(l) = l**2 - l - 15. Let k be n(-5). Suppose -8*u = -11*u + k. Suppose 4*o + u*o - 3663 = 0. Is o a prime number?
False
Let h = 735 + -731. Suppose -3*u + 5*l - 6*l = -53668, -h*l = 3*u - 53653. Is u composite?
False
Suppose -r = 7*r - 256. Suppose 0 = -r*s + 27*s + 1445. Let m = s + 130. Is m a prime number?
True
Let w = -12273 + 4266. Let s = w + 14146. Is s prime?
False
Suppose -1 = j - 0. Suppose -15 = 17*u - 12*u, -2*o + 13 = -5*u. Is (-637)/j - (o/(-1) - -2) composite?
True
Let p(r) = 13*r + 6. Let d be p(0). Let x(b) = 13*b**3 + 5*b**2 + 3*b + 31. Is x(d) a prime number?
True
Let m(s) = 29*s**3 + 8*s**2 - 11*s + 17. Let w(p) = -p**2 - 18*p + 21. Let l be w(-19). Suppose -5*c = 3*f - 43, -l*f + 0*f + 3*c - 3 = 0. Is m(f) composite?
True
Suppose -134*t + 131*t - 611130 = -3*n, -814858 = -4*n - 2*t. Is n a composite number?
False
Let r = 40882 - 14291. Is r prime?
True
Let c = 201452 - 104305. Is c a prime number?
False
Let r = 1199650 + -701289. Is r prime?
True
Let n = 773661 - 236508. Is n prime?
False
Let i(j) = j**2 + 12*j + 6. Let v be i(-6). Let z be 5/(((-325)/v)/13). Suppose -z*t - 1546 = -5548. Is t composite?
True
Let k(o) = 503*o**2 + 6*o + 6. Let v(f) = -f**2 - 8*f - 16. Let i be v(-3). Is k(i) composite?
False
Suppose -1174063 + 72280 = -4*z - i, -z + i = -275452. Is z a composite number?
False
Suppose 0 = 2*t + 5*o - 377795, -2*t = -2*o - 174813 - 203003. Is t a prime number?
False
Suppose 10*w + 27 - 137 = 0. Suppose w*a - 18*a + 8057 = 0. Is a composite?
False
Suppose o - 546*j = -545*j + 73821, 0 = -4*o + 3*j + 295282. Is o composite?
False
Let i(j) = 13*j + 124. Let q be i(-10). Is (-401)/(-2)*q/(-1) composite?
True
Let u(m) = 13*m**3 + 6*m**2 - 3*m - 211. Let z(x) = 15*x**3 + 7*x**2 - 4*x - 211. Let p(i) = -7*u(i) + 6*z(i). Is p(0) a composite number?
False
Let o = -228 + 210. Is 289348/6*(-27)/o composite?
False
Suppose -33*m = -35*m - 8, 3*z - 6319 = m. Let b = z - -372. Is b composite?
False
Suppose 0 = -5*g + 20, 4*a + g = 3*a + 4. Let j = 109 + -109. Suppose j = -c - 0*d + 2*d + 161, a = -d + 4. Is c prime?
False
Let h(q) = 1364*q**2 + q + 4. Let c be 1/(-8) - (-616)/(-704). Is h(c) a prime number?
True
Let x(y) = -y**2 + 13*y - 14. Let u be x(14). Let t be 8/u + (-6536)/7. Let r = t + 1741. Is r prime?
False
Suppose 15 - 3 = 4*l, 0 = -5*t + l + 32732. Is t prime?
True
Suppose -5835818 = -4*r - 2*g, -4376863 = 153*r - 156*r - 2*g. Is r composite?
True
Let x = -89 + 89. Suppose -r - 3 = -3*g, x*r = g + r - 5. Suppose -g*t + 117 = -617. Is t a composite number?
False
Suppose -101*q + 1463922 + 350149 + 134118 = 0. Is q composite?
False
Let s be (-72)/4*(2 + 25/(-3)). Suppose -13874 = s*l - 128*l. Is l a composite number?
False
Let q be (23 - 24)/(1/(-3365)). Let p = 234 + q. Is p a composite number?
True
Suppose 0 = -g + 3*j + 8663, 4*g + 2*j - 28835 = 5775. Is g prime?
False
Suppose 5*a + 14*d = 15*d + 197703, d = 2. Is a a composite number?
False
Let a(y) = -10912*y - 11. Let u be (-12)/((-12)/2) - 1 - 2. Is a(u) a composite number?
True
Let y(c) = 2*c**3 - 3*c**2 + c - 2. Let x be y(2). Let m be -4 - ((-155)/25 + (-1)/(-5)). Suppose 6*v = m*v + x*p + 264, -v + 3*p + 64 = 0. Is v a prime number?
True
Suppose n + 2*s - 19 = 0, s = 2*n + n - 43. Is 8628/10*n/6 composite?
True
Suppose n - 270 = -8*n. Let d = -26 + n. Suppose 451 = c - 5*k + 4*k, 0 = d*c - 2*k - 1808. Is c prime?
False
Let x be -9*(0 - 7/(-3)). Let q(c) = -6*c**2 - 15*c - 7. Let r(d) = -d**2 - d - 1. Let p(n) = -3*q(n) + 15*r(n). Is p(x) a prime number?
False
Let r(i) = -1231*i - 1041. Is r(-82) a prime number?
True
Let k(l) = 4*l**3 + 7*l**2 - 7*l + 5. Let r be 8/(-28) + 51/7. Let a be k(r). Suppose -22*n - a = -25*n. Is n composite?
False
Suppose 0 = 36*u - 31*u + 3*w - 1571986, -3*u = 3*w - 943188. Is u prime?
True
Is 140/(-28)*(-108973)/5 prime?
False
Let b be (-17)/(-34) + 2/((-8)/(-144786)). Suppose -5084 = 3*n - b. Is n prime?
False
Let g = -48 + 55. Suppose -g*v = -66 - 263. Let r = 102 + v. Is r composite?
False
Is ((-2031944)/6)/((-224)/504) a composite number?
True
Let x(q) = 3811*q - 2817. Is x(46) a prime number?
True
Let n(q) = 87*q**2 - 10*q - 4. Suppose 25*l + 260 = 45*l. Is n(l) composite?
True
Is -1230662*(0 - 4)/8 prime?
False
Suppose l + 4*a = -a - 28, 4*a = -l - 23. Let i be 5073 - l/((-3)/2). Suppose -3*j + 3*u + i = -u, 2*j + u - 3388 = 0. Is j a prime number?
True
Let h(i) = 5*i + 60. Let v be h(-12). Suppose -3*d - 715 + 9514 = v. Is d prime?
False
Let x(t) be the first derivative of -59*t**2 + 417*t - 281. Is x(-35) a prime number?
True
Let j = 13237 - -1672. Is j composite?
True
Let r = -406 + 577. Suppose -166*u - 149735 = -r*u. Is u prime?
True
Let r(w) = -6237*w**3 - w + 1. Let k be r(1). Let i = k - -10964. Is i a composite number?
True
Suppose 0 = -4*c + 2709 + 1251. Suppose -130*q = -135*q + c. Let g = -49 + q. Is g a prime number?
True
Suppose 59*t + 4709543 = 63*t + 5*c, -6*c = -t + 1177393. Is t composite?
False
Let t(b) = -3*b**3 + 6*b**2 + b - 1. Let w be t(2). Is (326/8*w)/(2/40) a composite number?
True
Let v = 51514 + 24819. Is v prime?
True
Suppose 0 = -7*j + 10*j - 6. Suppose 4*b - 108 = -4*d, -50 = -2*d + j*b - 0. Suppose -993 = -d*i + 23*i. Is i prime?
True
Let y(n) be the third derivative of 4843*n**4/24 - 12*n**3 + 27*n**2. Is y(5) a composite number?
True
Let c(r) be the first derivative of 2*r**3/3 + 4*r**2 + r - 2. Let q be c(-4). Is -3 + 6 - 1303*q*-2 a prime number?
True
Let h = 234749 + -79146. Is h a prime number?
False
Let l(s) = 15202*s - 685. Is l(3) a prime number?
False
Let s(x) = -4*x**3 + 409*x**2 + 62*x - 92. Is s(99) prime?
False
Let k = 24693 - 12966. Let y = -5740 + k. Is y composite?
False
Suppose 792*p - 806*p + 47698 = 0. Is p a prime number?
True
Let s = -36 - -36. Suppose -5*i = z - 19839, 2*i = -s*z - 2*z + 7942. Is i composite?
False
Let u(l) = 9*l + 39 + 12*l - 23*l + 11*l - l**2. Let i be u(12). Suppose 2*a - 293 = i*g, 268 = 2*a - 4*g + 6*g. Is a prime?
True
Let j(y) = -14*y**3 + 9*y**2 - 101*y + 31. Is j(-27) composite?
False
Let s(f) = 2*f**2 - 2*f + 18*f - 54 + 14*f - 163. Is s(-33) a prime number?
True
Suppose 2*v - 18 = -0. Is 10694/6 - ((-33)/v + 5) prime?
False
Suppose -17*a + 180979 = 11455. Suppose 2*v = a + 11086. Is v prime?
True
Let d = 29157 + -9356. Is d prime?
True
Let q(c) = c**2 - 9*c + 6. Let n = -9 + 18. Let w be q(n). Suppose 5*l + 146 = w*l. Is l a composite number?
True
Suppose 0 = 244*x - 248*x - 4*w + 136796, w = -5*x + 170971. Is x a prime number?
False
Suppose 4*z + 2*y - 15638 = 0, y - 15642 = -4*z + 3*y. Suppose 3*f = -1273 + z. Is f prime?
False
Suppose 5*n - 7*q = -4*q + 66, -2*q = n - 21. Suppose -15*k - n*k + 330810 = 0. Is k a prime number?
True
Let m(p) = 0 - 1 - 2*p + 2 + 0 + 181*p**2. Let h be m(1). Let o = h - 69. Is o composite?
True
Let x be 10/4*(-578556)/(-135). Let u = x - -1191. Is u composite?
True
Let q(k) = 8*k**2 + 10*k - 3. Let b = 115 - 74. Suppose -b*n - 35 = -36*n. Is q(n) a prime number?
False
Let x be ((-3)/(-3))/(8/(-16)). Is (13 - 9) + 13161/(3 + x) composite?
True
Let z(o) = 106*o + 16. Let t(d) = 209*d + 33. Let p(n) = 3*t(n) - 5*z(n). Is p(18) composite?
True
Is 6928 + 7*(-54)/(-42) composite?
True
Suppose 14*i - 12*i - 661339 = -5*i. Is i composite?
False
Suppose -45207 = -w - 4*q, 174*q - 90424 = -2*w + 176*q. Is w a composite number?
True
Let l = 666861 + -10376. Is l composite?
True
Suppose -81*w = 223*w - 231811248. Is w a composite number?
True
Let q(n) = -87574*n + 63. Is q(-2) prime?
True
Is (-1678121)/(-31) - 208/(-3224) prime?
True
Suppose 71*t - 8442589 = 42*t - 68*t. Is t a composite number?
False
Let l(i) = -i**3 + i - 5. Let v be l(0). Let g(x) be the second derivative of 17*x**4/12 + x**3/3 + 2*x**2 - 8*x - 1. Is g(v) a prime number?
True
Suppose 0 = -27*j + 4*j + 159160. Let r = 11619 - j. Is r a composite number?
True
Let a(p) = 831*p + 16. Let q be 14 + -7*(3 + -2). Is a(q) a prime number?
False
Suppose -2*k - 2*b + b = 14140, 0 = 3*k - 2*b + 21203. Is k/((-3 + 6)/(-3)) a prime number?
True
Is ((-9)